se 5*n - 2*s = 54, -2*n - 5*s + 8 + 2 = 0. Let t = 53 - 33. Let h = t - n. What are the prime factors of h?
2, 5
Suppose -h = 2*l - 2, 4*h + 2*l - 55 + 23 = 0. List the prime factors of h.
2, 5
Suppose 3 = 2*t - 7, 5*c + 4*t = 1155. List the prime factors of c.
227
Let o = 57 + -53. List the prime factors of o.
2
Let m = -9 - -14. Suppose 4*v + 7 = 3, -m*v - 2 = l. List the prime factors of l.
3
Let t(h) = -h**2 - 10*h - 5. Let s = -5 - 1. What are the prime factors of t(s)?
19
Suppose -3*i + 5*b + 141 = b, 3*b = -4*i + 188. What are the prime factors of i?
47
Let v(w) = -w**3 - w**2 - w. Let m(d) = -3*d**3 + 2*d**2 + d - 1. Let x(o) = m(o) - 2*v(o). What are the prime factors of x(4)?
11
Let y be 0*((-21)/(-6) - 3). Let v be 2*(-3 - -1) + y. Let c(i) = i**2 + i - 4. List the prime factors of c(v).
2
Let q(u) = u**3 + 7*u**2 - u - 4. Suppose -2*t - w - 7 = 5, 0 = -3*t + 3*w - 27. What are the prime factors of q(t)?
3
Let r = 1 + 1. Let u(o) = -12 + 0*o**2 + 9*o**r + 4*o**3 + 2*o - 5*o**3. List the prime factors of u(9).
2, 3
Let c(n) = n**3 + 8*n**2 - 10*n - 7. Let z be c(-9). Suppose -z*h + h + 23 = 0. What are the prime factors of h?
23
List the prime factors of (-2 - (-2 - -2)) + 76.
2, 37
Suppose -3*u - u + 360 = 0. List the prime factors of u.
2, 3, 5
What are the prime factors of 3/(6/58 + 0)?
29
Let b(p) = p**2 - 5*p - 22. List the prime factors of b(8).
2
Let b be ((-4)/10)/(3/(-15)). Let m(v) = v**2 + 3*v + 2. Let l be m(-1). Suppose -p = -l*p - b. What are the prime factors of p?
2
Suppose 4*v = g - 11 - 3, -5*g + 7 = v. Let d(n) = -5*n**2 - 4*n. Let r(y) = 6*y**2 + 5*y. Let p(q) = 7*d(q) + 6*r(q). List the prime factors of p(v).
3
Let j(a) be the third derivative of -5*a**4/12 - a**3/6 - a**2. Let d be j(-2). What are the prime factors of 1/(3 - 56/d)?
19
Let m be 1 - -3*(-1)/3. Suppose m = -h + 7 - 3. What are the prime factors of h?
2
Let b(j) = -11*j - 5. List the prime factors of b(-4).
3, 13
Suppose -102 = -4*m + 102. List the prime factors of m.
3, 17
Let q be 1/2 - (-1)/2. Suppose c = -q + 12. What are the prime factors of c?
11
Suppose 2*r - 3*v = -5, -r + v - 15 = -3*r. Let n(w) = -w + 20. Let b be n(10). Let m = b - r. List the prime factors of m.
5
Let g = -7 - -7. Let u(x) = x**3 - x**2 - 2*x + 2. Let c be u(2). Suppose s + 4*t - c = 0, -s + 2 + g = 2*t. What are the prime factors of s?
2
Suppose 0 = -m + 5. Suppose -m*s + 9 = -6. List the prime factors of -2*s*(-5)/3.
2, 5
Suppose 0*l + 150 = 3*l. What are the prime factors of l?
2, 5
Let j = -8 - -14. Let p be (-2 + 4)*2 - 4. Suppose -2*v = 5*g - 9, 3*v - j*v + 3*g + 3 = p. List the prime factors of v.
2
Let v(p) = -p**3 - 5*p**2 - 4*p + 2. Let n be v(-4). Suppose 5*k = n + 53. Suppose -a = -0*a - k. What are the prime factors of a?
11
Let i = -1 + 5. Suppose -5*h = i*m - 114 - 74, 5*m + h - 214 = 0. List the prime factors of m.
2, 3, 7
Suppose 0 = 6*v - 2*v - 628. What are the prime factors of v?
157
Suppose 2*o - 150 = -3*o. What are the prime factors of o?
2, 3, 5
Let c(k) = 5*k - 1 - 3*k - 3*k + 0. What are the prime factors of c(-9)?
2
List the prime factors of (-6)/9 - (-177)/9.
19
Let v(x) be the second derivative of x**5/20 + 5*x**4/12 + 3*x**2/2 - 2*x. What are the prime factors of v(-5)?
3
Let r = 2 + -12. Let l = r - -16. What are the prime factors of l?
2, 3
Suppose k - 7 = -3*i, i - 5*k + 3*k = 7. Suppose 5*p + 22 = q, -3*p + p - 53 = -i*q. List the prime factors of q.
17
Suppose 148 = 5*s - s. Let p = 54 - s. List the prime factors of p.
17
Let k be 10/(-15)*(1 + -4). Suppose 6*m + k*y = m - 15, 24 = -4*m - 4*y. What are the prime factors of (0 + m)/(2/(-14))?
7
Let z(y) = 5*y**2 - 16*y + 5. Let a(w) = -w**2 + 3*w - 1. Let v(m) = -11*a(m) - 2*z(m). What are the prime factors of v(3)?
7
Let y(k) = k - 2. Let m be y(5). Suppose 0 = -m*w - 0 + 39. List the prime factors of w.
13
Let d be 2 + (1 - 0) - -1. Suppose 0 = d*z + 2*t - 33 + 7, -3*z + 2*t + 23 = 0. What are the prime factors of z?
7
Let k(o) = -5*o + 2. Let x be k(2). Let z(y) = -y**3 - 8*y**2 - y - 3. Let m be z(x). Suppose -m*b = 20, -4*b + 26 = -3*n + 102. List the prime factors of n.
2, 5
Let y = 373 + -93. List the prime factors of y.
2, 5, 7
Suppose 20*y = 16*y + 96. What are the prime factors of y?
2, 3
Let y(d) = 3*d + 3. Suppose 0 = -u - 1, -4*c = -4*u - 4. Suppose g + n - 6 = 2*n, c = -5*g - 4*n + 3. What are the prime factors of y(g)?
2, 3
Suppose 4*z - 4*w - 116 = 0, 3*z + w - 63 = 4. Suppose 82 = 4*j + 5*x, -5*x - 20 - z = -3*j. What are the prime factors of j?
2, 3
Let s(z) = z**3 + 17*z**2 + 7*z - 16. What are the prime factors of s(-7)?
5, 17
Suppose 0 = -5*p - 81 - 169. Let t = -12 - p. List the prime factors of t.
2, 19
Let s = 217 - 70. List the prime factors of s.
3, 7
Suppose -120 = 3*j - 336. Suppose 0*i + 3*u = -2*i + 36, 0 = 4*i + u - j. List the prime factors of i.
2, 3
Suppose 6*o - 505 = 83. What are the prime factors of o?
2, 7
Let s(c) = -c - 4. Let d be s(-7). Let u be ((-9)/(-6))/(d/2). What are the prime factors of u/((-3)/(-15 - 0))?
5
Let z(m) = -m**3 + 3*m**2 - 2. Suppose -143 = -3*i + 2*l, 0*i + 2*i - 102 = 3*l. Let p be (-32)/18 + (-10)/i. List the prime factors of z(p).
2, 3
Let w(d) = -d + 0 + 2 - 4*d - d**2. Suppose 0*l = 5*l - 4*h + 20, 0 = -3*l - 2*h - 12. List the prime factors of w(l).
2, 3
Let t(s) be the third derivative of 13*s**6/120 - s**5/60 + s**4/24 - 4*s**2. List the prime factors of t(1).
13
Let u(s) = -2 - 4 + s**2 + 3*s - 5 + 2. List the prime factors of u(-7).
19
Let p(i) = -i**3 - 2*i**2 + 5*i + 3. Let j be p(-3). What are the prime factors of j*(-3 + -1*4)?
3, 7
Let w(i) = 7*i**2 - i - 2. Let n(y) = -20*y**2 + 4*y + 6. Let g(c) = 6*n(c) + 17*w(c). Let f be g(4). List the prime factors of -1 + 0 + f + -3.
2, 5
Let k(w) = w**3 + 5*w**2 - 6*w + 8. What are the prime factors of k(-6)?
2
Suppose -182 = -4*k - 2*d, -4*k + 148 + 59 = -3*d. What are the prime factors of k/22 - (-38)/(-209)?
2
Suppose j = -3*j - 3*y - 11, -5 = y. Suppose 2*q - j - 5 = 0. List the prime factors of q.
3
What are the prime factors of (1 - 16/12) + 301/3?
2, 5
List the prime factors of (-1)/(3 + -2)*-47.
47
Suppose -4*a = a - 285. List the prime factors of a.
3, 19
Suppose a = -2*a - 6. What are the prime factors of a/3*3*-4?
2
Let q(p) = -p**3 - 6*p**2 - 3*p + 3. List the prime factors of q(-8).
5, 31
Let u(t) = t**2 - 4*t - 5. Let c be u(4). Let n(o) = -6*o + 1. Let k be n(c). Let s = k + -16. What are the prime factors of s?
3, 5
Suppose 0 = -4*n + 3*n + 27. Suppose -29 = -4*z + 4*a + n, z - 10 = -a. Suppose -44 + z = -2*l. What are the prime factors of l?
2
Suppose -512 = -3*z - 5*h, 5*z - h = 3*h + 878. List the prime factors of z.
2, 3, 29
Let f(m) = 3*m + m**2 + 5*m - m - 13. Let q be -3 - (-6)/(-9)*9. What are the prime factors of f(q)?
5
Suppose 10 = 4*k - 2. Suppose -3*l - l = 0. Suppose l = 2*x + k*x - 10. List the prime factors of x.
2
Let l = 14 - 34. Let p be (8/l)/(2/10). Let m(a) = -a**3 - 2*a**2 - 2*a - 1. What are the prime factors of m(p)?
3
List the prime factors of ((-80)/(-6))/((-1)/(-3)).
2, 5
Suppose 0 = -q - 2*g - 7, 2*q + 2*q + 3*g + 43 = 0. List the prime factors of ((-52)/q)/(1/9).
2, 3
Suppose 0 = 5*m + 24 + 16. Let i be (1 + 1)/((-4)/m). Suppose -2*p - i = -4*p. What are the prime factors of p?
2
Let q(f) = 8*f**2 + 0*f**3 + 0 - 5 + f**3 + 4*f. Let z(d) = -8*d**3 + d. Let s be z(1). What are the prime factors of q(s)?
2
Suppose 18 = -2*d - 5*m, 3*d + m + 0 = -1. Let n be 0 + (d - 3) + 2. Suppose -h + 17 = -n. What are the prime factors of h?
17
Let g = -7 - -5. List the prime factors of 7*(g - (0 - 4)).
2, 7
Suppose 47 = 2*n + 15. Suppose -4*m + n + 20 = 0. List the prime factors of m.
3
Let f be (-5)/1*(-3 + 2). Let s(h) = h**3 - 5*h**2 + 4*h + 2. Let a be s(f). Suppose -a = 5*z - 7*z. List the prime factors of z.
11
Suppose -4*f + 2*f = -4. Suppose -f*n - u = n - 3, -4*n + 2*u = -4. What are the prime factors of -3 + 11 + n/(-1)?
7
Suppose 0*d - 5*d = 65. Let j(f) = -f**2 - 16*f - 11. What are the prime factors of j(d)?
2, 7
Suppose -57 = 2*u + 37. Let t = -13 - u. What are the prime factors of t?
2, 17
Let w = 2 - 0. Suppose 0 = -a - 4, 176 = w*n - 5*a + 32. Suppose 0 = 3*x - n + 14. List the prime factors of x.
2
Suppose -w + 3*y + 